0, what is 1 - 14427162?
-14427161
In base 5, what is -110344 + 2210103?
2044204
In base 2, what is -110 - 1111100100110111100100?
-1111100100110111101010
In base 3, what is 20 + -12020022112020010?
-12020022112012220
In base 3, what is 220022 + 2021012110?
2022002202
In base 6, what is -25122042 + -121?
-25122203
In base 9, what is -5573 - -1?
-5572
In base 3, what is 1011211101110011 - -1?
1011211101110012
In base 12, what is -29442 + -115?
-29557
In base 6, what is -11 - -12100404000?
12100403545
In base 5, what is -203042 - 444101?
-1202143
In base 5, what is -3434024 + 2001?
-3432023
In base 15, what is -2 + -174a644?
-174a646
In base 9, what is -3 - 113743?
-113746
In base 14, what is 234 - -1156?
138a
In base 16, what is -1 + 4e57718?
4e57717
In base 15, what is 7b + -202aa?
-2022e
In base 4, what is -2231030 + 1021131?
-1203233
In base 14, what is -bb0a4 + -189?
-bb24d
In base 8, what is 60 + 521071?
521151
In base 6, what is 4 + 21123032?
21123040
In base 11, what is -6 + -9205098?
-92050a3
In base 2, what is 11010001010110 - 100100101111?
10101100100111
In base 8, what is 423 - 5052405?
-5051762
In base 2, what is -11011010101001011111101 - -1?
-11011010101001011111100
In base 5, what is 40120 - -121222?
211342
In base 13, what is -6 + b490072?
b490069
In base 6, what is 4 + 150053224?
150053232
In base 12, what is 15 + 146490?
1464a5
In base 14, what is 2 - 1206c742?
-1206c740
In base 14, what is 41c + 5268?
5686
In base 14, what is 2b + 749b0?
749db
In base 15, what is -3363 + 1748?
-1b1a
In base 11, what is -a872 - -512?
-a360
In base 9, what is 2737443 - -41?
2737484
In base 5, what is -13420330133 + 3?
-13420330130
In base 13, what is -45 - -79131?
790b9
In base 14, what is -1 - 40c783?
-40c784
In base 8, what is 251 + 310727?
311200
In base 15, what is -1 - 88384d5?
-88384d6
In base 4, what is -20213 + 1030032333?
1030012120
In base 16, what is 19caa5 + 26?
19cacb
In base 15, what is -8 - -679b5a?
679b52
In base 15, what is 2936de - -e?
2936ed
In base 14, what is 6 - 149018?
-149012
In base 15, what is 150 - -c1e?
d6e
In base 2, what is 11000110100101 - -111?
11000110101100
In base 9, what is 7 - 55164113?
-55164105
In base 4, what is 231 + 201013222?
201020113
In base 15, what is -1ac201 + -162?
-1ac363
In base 9, what is -7331 - -21175?
12744
In base 15, what is a - 22d27c?
-22d272
In base 15, what is -3d61 + 44e?
-3912
In base 8, what is -2616 - -375055?
372237
In base 5, what is 112440134 + 21134?
113011323
In base 6, what is -334504 + 21020?
-313444
In base 10, what is 6869 + 2229?
9098
In base 2, what is 11001001000111101 - -1011000001000?
11010100001000101
In base 13, what is 85a2a0c3 - -3?
85a2a0c6
In base 4, what is -21302011332 - 20?
-21302012012
In base 11, what is -18 + -aa0504?
-aa0521
In base 15, what is 9e4 - 128d?
-799
In base 12, what is -27 - 2312402?
-2312429
In base 2, what is 10 + 10000101110111110011010011100?
10000101110111110011010011110
In base 12, what is -49 - 1881a08?
-1881a55
In base 11, what is 723 + -21119?
-204a6
In base 8, what is 4154 + 13503?
17657
In base 7, what is 403351635 - 5?
403351630
In base 6, what is 213022352 + -52?
213022300
In base 4, what is 22233 - 22113202?
-22030303
In base 11, what is -77 + 8058a?
80513
In base 14, what is -2a16 + -1263?
-3c79
In base 8, what is -4055775034 - -5?
-4055775027
In base 15, what is 0 + -13cc3?
-13cc3
In base 10, what is 62 - -531383?
531445
In base 2, what is -10111111001001 + -10111011100111?
-101111010110000
In base 3, what is 10122010221 + 1201220?
10200212211
In base 6, what is -5511554 - -423?
-5511131
In base 15, what is -6c552 - -1c?
-6c535
In base 12, what is -109a + 111?
-b89
In base 4, what is 10330132 + 130032?
11120230
In base 7, what is 4 - -24544264?
24544301
In base 13, what is -6b + 652ab?
65240
In base 14, what is -1 + 26d457?
26d456
In base 15, what is 1 + 4cc69d?
4cc69e
In base 8, what is -2 - -620645057?
620645055
In base 13, what is 123a6334 + -3?
123a6331
In base 3, what is -2111021011120110 - 22?
-2111021011120202
In base 16, what is -125d - 3165?
-43c2
In base 12, what is -244 + -4536?
-477a
In base 9, what is 5 - -1642162?
1642167
In base 2, what is 101101011111 - -100000001001?
1001101101000
In base 5, what is 13402 - -3200400?
3214302
In base 13, what is -8c - 33207?
-33296
In base 10, what is 23325 - -4929?
28254
In base 16, what is e9dc2 + 307?
ea0c9
In base 12, what is -51038 - 43?
-5107b
In base 4, what is -12230 + 3001320?
2323030
In base 14, what is -8baa39 + -1b?
-8baa56
In base 6, what is -1022 + 324130?
323104
In base 3, what is 21 + 12101111012002?
12101111012100
In base 8, what is -4210577455 - 0?
-4210577455
In base 10, what is -1877 + 197?
-1680
In base 13, what is c398b51 + 4?
c398b55
In base 15, what is -c + 9ed7?
9eca
In base 5, what is -1130104 - 2414012?
-4044121
In base 15, what is -162e77 + 14?
-162e63
In base 4, what is -22222031230100 + -3?
-22222031230103
In base 4, what is 20233120 - 3102?
20230012
In base 16, what is -1659d35 + -4?
-1659d39
In base 3, what is 21201 + 2120200202110?
2120201001011
In base 3, what is -10100202 + -112111111211?
-112121212120
In base 11, what is -41336860 - -3?
-41336858
In base 15, what is -9ee21d - -10?
-9ee20d
In base 6, what is 5 + -5102452543?
-5102452534
In base 9, what is -4 + -111755724?
-111755728
In base 5, what is -10 + -1040322000?
-1040322010
In base 6, what is 10442531 - 55?
10442432
In base 9, what is 1633 + -10870?
-8236
In base 5, what is -32 + -230341003?
-230341040
In base 5, what is -34143411 - 222?
-34144133
In base 5, what is 401102 + 3004?
404111
In base 2, what is -1 - 1000101010011100011010?
-1000101010011100011011
In base 3, what is 1201020100020222 - -201?
1201020100021200
In base 16, what is -3ac - 52?
-3fe
In base 6, what is 3 - -15101234344?
15101234351
In base 9, what is 5 - 38214818?
-38214813
In base 15, what is 4 - -72dd7?
72ddb
In base 4, what is -3 + 12120232233?
12120232230
In base 14, what is 0 - bdc91?
-bdc91
In base 7, what is -2335 - 22113?
-24451
In base 6, what is 23424504 + 124?
23425032
In base 5, what is -101143441 - 123?
-101144114
In base 5, what is 112 - -210002322?
210002434
In base 8, what is -2 + 555143060?
555143056
In base 9, what is 2887782 + -213?
2887568
In base 14, what is -3 - -2873c57?
2873c54
In base 13, what is -4a36b - 384?
-4a722
In base 9, what is -5 - 103712571?
-103712576
In base 3, what is -121212211212 - -11121?
-121212200021
In base 4, what is -10122102003 - 303?
-10122102312
In base 16, what is 4 - -6c2aa7?
6c2aab
In base 6, what is 12 - -41445531401?
41445531413
In base 6, what is -25245412 - -221?
-25245151
In base 13, what is 1 + 70b994?
70b995
In base 6, what is 55441 - 3141440?
-3041555
In base 6, what is -1444 - -254051?
252203
In base 8, what is -1 + 117061636?
117061635
In base 7, what is 21 - -1663335326?
1663335350
In base 15, what is 9257 + d39?
a091
In base 16, what is 14900c6 - -d?
14900d3
In base 6, what is -5 - 112521?
-112530
In base 12, what is 238 - 188a0?
-18664
In base 9, what is 221 - 4455546?
-4455325
In base 8, what is -1211654 + 102?
-1211552
In base 3, what is -201100110121121 - 12?
-201100110121210
In base 14, what is -b96d8 - -7?
-b96d1
In base 7, what is -1003255623 + 6?
-1003255614
In base 8, what is -43 - 12203431?
-12203474
In base 5, what is 10444303023 - 10?
10444303013
In base 13, what is 5 + -4bb025?
-4bb020
In base 4, what is -233033030 - -1122?
-233031302
In base 15, what is -373574 - 25?
-373599
In base 7, what is 4334 + -406?
3625
In base 16, what is -12670 - -aca?
-11ba6
In base 5, what is 1424 - 241412234?
-241410310
In base 15, what is 98 - -10b00?
10b98
In base 5, what is -31203131201 + -10?
-31203131211
In base 15, what is -9 + -826624?
-82662d
In base 9, what is 121 + 255484?
255615
In base 14, what is -c79da - -2?
-c79d8
In base 11, what is -6199 - 356?
-6544
In base 4, what is 3 + -330020022330?
-330020022321
In base 15, what is -94b387 - 8?
-94b390
In base 13, what is 7639 + -16a8?
5c61
In base 6, what is -3403153412 + -13?
-3403153425
In base 5, what is -1434222 - -1201312?
-232410
In base 9, what is -4 + 74845586?
74845582
In base 5, what is 3310 - 110001222?
-104442412
In base 6, what is -15321 - -24250?
4525
In base 11, what is 492 - -3674?
